{"id":3350,"date":"2016-02-04T12:02:38","date_gmt":"2016-02-04T15:02:38","guid":{"rendered":"http:\/\/www.cvi-rio.org.br\/site\/?page_id=3350"},"modified":"2016-05-17T10:34:39","modified_gmt":"2016-05-17T13:34:39","slug":"tecnologia-assistiva","status":"publish","type":"page","link":"https:\/\/www.cvi-rio.org.br\/site\/tecnologia-assistiva\/","title":{"rendered":"Tecnologia Assistiva"},"content":{"rendered":"<p style=\"text-align: justify;\">A Tecnologia Assistiva \u00e9 entendida como todo\u00a0produto ou servi\u00e7o que ofere\u00e7a condi\u00e7\u00f5es para melhorar o desempenho das fun\u00e7\u00f5es da pessoa com defici\u00eancia, e igualdade de oportunidades que facilitem o processo de inclus\u00e3o social.<\/p>\n<p style=\"text-align: justify;\">A <strong>Oficina de Tecnologia Assistiva<\/strong>, fruto da parceria com o Departamento de Artes &amp; Design da PUC-Rio, \u00e9 um dos servi\u00e7os oferecidos pelo CVI-Rio. Na Oficina s\u00e3o desenvolvidos objetos de tecnologia assistiva, a partir da motiva\u00e7\u00e3o trazida pela pr\u00f3pria pessoa, representada basicamente pelo desejo de exercer uma determinada atividade com maior autonomia. Os objetos individualizados facilitam o movimento das pessoas, o uso de suas capacidades e a maxima\u00e7\u00e3o de seus potenciais.<\/p>\n<p style=\"text-align: justify;\">O uso dos objetos promove a melhoria da qualidade de vida, fortalecimento pessoal, autonomia, independ\u00eancia e inclus\u00e3o escolar e social das pessoas com defici\u00eancia.<\/p>\n","protected":false},"excerpt":{"rendered":"<p>A Tecnologia Assistiva \u00e9 entendida como todo\u00a0produto ou servi\u00e7o que ofere\u00e7a condi\u00e7\u00f5es para melhorar o desempenho das fun\u00e7\u00f5es da pessoa com defici\u00eancia, e igualdade de oportunidades que facilitem o processo de inclus\u00e3o&#8230;<\/p>\n","protected":false},"author":1,"featured_media":0,"parent":0,"menu_order":0,"comment_status":"open","ping_status":"open","template":"tecnologia-assistiva.php","meta":{"_acf_changed":false,"footnotes":""},"class_list":["post-3350","page","type-page","status-publish","hentry"],"acf":[],"yoast_head":"<!-- This site is optimized with the Yoast SEO plugin v26.9 - https:\/\/yoast.com\/product\/yoast-seo-wordpress\/ -->\n<title>Tecnologia Assistiva - CVI-Rio<\/title>\n<meta name=\"description\" content=\"Tecnologia Assistiva\" \/>\n<meta name=\"robots\" content=\"index, follow, max-snippet:-1, max-image-preview:large, max-video-preview:-1\" \/>\n<link rel=\"canonical\" href=\"https:\/\/www.cvi-rio.org.br\/site\/tecnologia-assistiva\/\" \/>\n<meta property=\"og:locale\" content=\"pt_BR\" \/>\n<meta property=\"og:type\" content=\"article\" \/>\n<meta property=\"og:title\" content=\"Tecnologia Assistiva - CVI-Rio\" \/>\n<meta property=\"og:description\" content=\"Tecnologia Assistiva\" \/>\n<meta property=\"og:url\" content=\"https:\/\/www.cvi-rio.org.br\/site\/tecnologia-assistiva\/\" \/>\n<meta property=\"og:site_name\" content=\"CVI-Rio\" \/>\n<meta property=\"article:publisher\" content=\"https:\/\/www.facebook.com\/cvi.rio\" \/>\n<meta property=\"article:modified_time\" content=\"2016-05-17T13:34:39+00:00\" \/>\n<meta property=\"og:image\" content=\"http:\/\/www.cvi-rio.org.br\/site\/wp-content\/uploads\/2016\/03\/logotipo-cvirio.png\" \/>\n<meta name=\"twitter:card\" content=\"summary_large_image\" \/>\n<meta name=\"twitter:site\" content=\"@cvirio\" \/>\n<meta name=\"twitter:label1\" content=\"Est. tempo de leitura\" \/>\n\t<meta name=\"twitter:data1\" content=\"1 minuto\" \/>\n<script type=\"application\/ld+json\" class=\"yoast-schema-graph\">{\"@context\":\"https:\/\/schema.org\",\"@graph\":[{\"@type\":\"WebPage\",\"@id\":\"https:\/\/www.cvi-rio.org.br\/site\/tecnologia-assistiva\/\",\"url\":\"https:\/\/www.cvi-rio.org.br\/site\/tecnologia-assistiva\/\",\"name\":\"Tecnologia Assistiva - CVI-Rio\",\"isPartOf\":{\"@id\":\"https:\/\/www.cvi-rio.org.br\/site\/#website\"},\"datePublished\":\"2016-02-04T15:02:38+00:00\",\"dateModified\":\"2016-05-17T13:34:39+00:00\",\"description\":\"Tecnologia Assistiva\",\"breadcrumb\":{\"@id\":\"https:\/\/www.cvi-rio.org.br\/site\/tecnologia-assistiva\/#breadcrumb\"},\"inLanguage\":\"pt-BR\",\"potentialAction\":[{\"@type\":\"ReadAction\",\"target\":[\"https:\/\/www.cvi-rio.org.br\/site\/tecnologia-assistiva\/\"]}]},{\"@type\":\"BreadcrumbList\",\"@id\":\"https:\/\/www.cvi-rio.org.br\/site\/tecnologia-assistiva\/#breadcrumb\",\"itemListElement\":[{\"@type\":\"ListItem\",\"position\":1,\"name\":\"In\u00edcio\",\"item\":\"https:\/\/www.cvi-rio.org.br\/site\/\"},{\"@type\":\"ListItem\",\"position\":2,\"name\":\"Tecnologia Assistiva\"}]},{\"@type\":\"WebSite\",\"@id\":\"https:\/\/www.cvi-rio.org.br\/site\/#website\",\"url\":\"https:\/\/www.cvi-rio.org.br\/site\/\",\"name\":\"CVI-Rio\",\"description\":\"Sua limita\u00e7\u00e3o n\u00e3o \u00e9 o seu limite.\",\"potentialAction\":[{\"@type\":\"SearchAction\",\"target\":{\"@type\":\"EntryPoint\",\"urlTemplate\":\"https:\/\/www.cvi-rio.org.br\/site\/?s={search_term_string}\"},\"query-input\":{\"@type\":\"PropertyValueSpecification\",\"valueRequired\":true,\"valueName\":\"search_term_string\"}}],\"inLanguage\":\"pt-BR\"}]}<\/script>\n<!-- \/ Yoast SEO plugin. -->","yoast_head_json":{"title":"Tecnologia Assistiva - CVI-Rio","description":"Tecnologia Assistiva","robots":{"index":"index","follow":"follow","max-snippet":"max-snippet:-1","max-image-preview":"max-image-preview:large","max-video-preview":"max-video-preview:-1"},"canonical":"https:\/\/www.cvi-rio.org.br\/site\/tecnologia-assistiva\/","og_locale":"pt_BR","og_type":"article","og_title":"Tecnologia Assistiva - CVI-Rio","og_description":"Tecnologia Assistiva","og_url":"https:\/\/www.cvi-rio.org.br\/site\/tecnologia-assistiva\/","og_site_name":"CVI-Rio","article_publisher":"https:\/\/www.facebook.com\/cvi.rio","article_modified_time":"2016-05-17T13:34:39+00:00","og_image":[{"url":"http:\/\/www.cvi-rio.org.br\/site\/wp-content\/uploads\/2016\/03\/logotipo-cvirio.png","type":"","width":"","height":""}],"twitter_card":"summary_large_image","twitter_site":"@cvirio","twitter_misc":{"Est. tempo de leitura":"1 minuto"},"schema":{"@context":"https:\/\/schema.org","@graph":[{"@type":"WebPage","@id":"https:\/\/www.cvi-rio.org.br\/site\/tecnologia-assistiva\/","url":"https:\/\/www.cvi-rio.org.br\/site\/tecnologia-assistiva\/","name":"Tecnologia Assistiva - CVI-Rio","isPartOf":{"@id":"https:\/\/www.cvi-rio.org.br\/site\/#website"},"datePublished":"2016-02-04T15:02:38+00:00","dateModified":"2016-05-17T13:34:39+00:00","description":"Tecnologia Assistiva","breadcrumb":{"@id":"https:\/\/www.cvi-rio.org.br\/site\/tecnologia-assistiva\/#breadcrumb"},"inLanguage":"pt-BR","potentialAction":[{"@type":"ReadAction","target":["https:\/\/www.cvi-rio.org.br\/site\/tecnologia-assistiva\/"]}]},{"@type":"BreadcrumbList","@id":"https:\/\/www.cvi-rio.org.br\/site\/tecnologia-assistiva\/#breadcrumb","itemListElement":[{"@type":"ListItem","position":1,"name":"In\u00edcio","item":"https:\/\/www.cvi-rio.org.br\/site\/"},{"@type":"ListItem","position":2,"name":"Tecnologia Assistiva"}]},{"@type":"WebSite","@id":"https:\/\/www.cvi-rio.org.br\/site\/#website","url":"https:\/\/www.cvi-rio.org.br\/site\/","name":"CVI-Rio","description":"Sua limita\u00e7\u00e3o n\u00e3o \u00e9 o seu limite.","potentialAction":[{"@type":"SearchAction","target":{"@type":"EntryPoint","urlTemplate":"https:\/\/www.cvi-rio.org.br\/site\/?s={search_term_string}"},"query-input":{"@type":"PropertyValueSpecification","valueRequired":true,"valueName":"search_term_string"}}],"inLanguage":"pt-BR"}]}},"_links":{"self":[{"href":"https:\/\/www.cvi-rio.org.br\/site\/wp-json\/wp\/v2\/pages\/3350","targetHints":{"allow":["GET"]}}],"collection":[{"href":"https:\/\/www.cvi-rio.org.br\/site\/wp-json\/wp\/v2\/pages"}],"about":[{"href":"https:\/\/www.cvi-rio.org.br\/site\/wp-json\/wp\/v2\/types\/page"}],"author":[{"embeddable":true,"href":"https:\/\/www.cvi-rio.org.br\/site\/wp-json\/wp\/v2\/users\/1"}],"replies":[{"embeddable":true,"href":"https:\/\/www.cvi-rio.org.br\/site\/wp-json\/wp\/v2\/comments?post=3350"}],"version-history":[{"count":55,"href":"https:\/\/www.cvi-rio.org.br\/site\/wp-json\/wp\/v2\/pages\/3350\/revisions"}],"predecessor-version":[{"id":4955,"href":"https:\/\/www.cvi-rio.org.br\/site\/wp-json\/wp\/v2\/pages\/3350\/revisions\/4955"}],"wp:attachment":[{"href":"https:\/\/www.cvi-rio.org.br\/site\/wp-json\/wp\/v2\/media?parent=3350"}],"curies":[{"name":"wp","href":"https:\/\/api.w.org\/{rel}","templated":true}]}}